{"id":315,"date":"2020-10-08T13:11:03","date_gmt":"2020-10-08T11:11:03","guid":{"rendered":"https:\/\/maremarbenidorm.wordpress.com\/?page_id=36"},"modified":"2023-01-13T11:28:11","modified_gmt":"2023-01-13T11:28:11","slug":"seite-from-home","status":"publish","type":"page","link":"https:\/\/maremarbenidorm.com\/index.php\/de\/","title":{"rendered":"Maremar Suiten"},"content":{"rendered":"\n<div class=\"wp-block-group alignfull has-background-background-color has-background\"><div class=\"wp-block-group__inner-container is-layout-flow wp-block-group-is-layout-flow\">\n<div style=\"height:14px\" aria-hidden=\"true\" class=\"wp-block-spacer\"><\/div>\n\n\n\n<div class=\"wp-block-columns alignwide are-vertically-aligned-center is-layout-flex wp-container-3 wp-block-columns-is-layout-flex\">\n<div class=\"wp-block-column is-vertically-aligned-center is-layout-flow wp-block-column-is-layout-flow\" style=\"flex-basis:67%\">\n<figure class=\"wp-block-image size-large\"><img decoding=\"async\" loading=\"lazy\" width=\"683\" height=\"1024\" src=\"https:\/\/maremarbenidorm.com\/wp-content\/uploads\/2021\/04\/H5A7856-1-683x1024.jpg\" alt=\"\" class=\"wp-image-554\" srcset=\"https:\/\/maremarbenidorm.com\/wp-content\/uploads\/2021\/04\/H5A7856-1-683x1024.jpg 683w, https:\/\/maremarbenidorm.com\/wp-content\/uploads\/2021\/04\/H5A7856-1-200x300.jpg 200w, https:\/\/maremarbenidorm.com\/wp-content\/uploads\/2021\/04\/H5A7856-1-768x1152.jpg 768w, https:\/\/maremarbenidorm.com\/wp-content\/uploads\/2021\/04\/H5A7856-1-1024x1536.jpg 1024w, https:\/\/maremarbenidorm.com\/wp-content\/uploads\/2021\/04\/H5A7856-1-1365x2048.jpg 1365w, https:\/\/maremarbenidorm.com\/wp-content\/uploads\/2021\/04\/H5A7856-1-scaled.jpg 1707w\" sizes=\"(max-width: 683px) 100vw, 683px\" \/><\/figure>\n<\/div>\n\n\n\n<div class=\"wp-block-column is-vertically-aligned-center is-layout-flow wp-block-column-is-layout-flow\" style=\"flex-basis:33%\">\n<h2 class=\"wp-block-heading\">Erkunden Sie Ihr Strandhaus<\/h2>\n\n\n\n<p>Voll ausgestattete K\u00fcche, Wohnzimmer mit Schlafsofa und 43&#8243;-TV, Doppelzimmer, Klimaanlage und ein voll ausgestattetes Badezimmer mit Dusche oder Badewanne.<\/p>\n\n\n\n<p>Der gleiche Komfort wie in Ihrem Haus mit dem Charme eines typischen Benidorm-Hauses<\/p>\n\n\n\n<div class=\"wp-block-button\"><a class=\"wp-block-button__link has-white-color has-vivid-cyan-blue-background-color has-text-color has-background\" href=\"https:\/\/maremarbenidorm.wordpress.com\/descubremaremar\/\" target=\"_blank\" rel=\"noreferrer noopener\">Besuchen Sie Ihr neues Zuhause<\/a><\/div>\n\n\n\n<p><\/p>\n<\/div>\n<\/div>\n<\/div><\/div>\n\n\n\n<div class=\"wp-block-group alignfull has-background-background-color has-background\"><div class=\"wp-block-group__inner-container is-layout-flow wp-block-group-is-layout-flow\">\n<div style=\"height:56px\" aria-hidden=\"true\" class=\"wp-block-spacer\"><\/div>\n\n\n\n<div class=\"wp-block-columns alignwide are-vertically-aligned-center is-layout-flex wp-container-9 wp-block-columns-is-layout-flex\">\n<div class=\"wp-block-column is-vertically-aligned-center is-layout-flow wp-block-column-is-layout-flow\" style=\"flex-basis:33%\">\n<p><\/p>\n\n\n\n<h2 class=\"wp-block-heading\">La Marina Baixa: eine Umgebung zum Erkunden<\/h2>\n\n\n\n<p>Wer hat noch nichts von Benidorm geh\u00f6rt?<\/p>\n\n\n\n<p>Lassen Sie sich von uns zu den weniger touristischen Ecken, den besten Restaurants und begleiten Sie w\u00e4hrend Ihres Aufenthaltes. Wir m\u00f6chten, dass Sie Benidorm so genie\u00dfen wie wir. <\/p>\n\n\n\n<p>Neben den Str\u00e4nden bietet die Gegend Wanderwege, Fahrr\u00e4der, Fl\u00fcsse, Vergn\u00fcgungsparks&#8230; Die Liste ist <em>fast <\/em>endlos, und ich bin sicher, dass wir etwas f\u00fcr Sie haben.<\/p>\n\n\n\n<div class=\"wp-block-button\"><a class=\"wp-block-button__link has-white-color has-vivid-cyan-blue-background-color has-text-color has-background\" href=\"https:\/\/maremarbenidorm.wordpress.com\/guias\/\">Wir wollen Ihre Guides sein<\/a><\/div>\n<\/div>\n\n\n\n<div class=\"wp-block-column is-vertically-aligned-center is-layout-flow wp-block-column-is-layout-flow\" style=\"flex-basis:67%\">\n<figure class=\"wp-block-gallery columns-2 is-cropped wp-block-gallery-6 is-layout-flex wp-block-gallery-is-layout-flex\"><ul class=\"blocks-gallery-grid\"><li class=\"blocks-gallery-item\"><figure><img decoding=\"async\" loading=\"lazy\" width=\"2048\" height=\"1364\" src=\"http:\/\/maremarbenidorm.com\/wp-content\/uploads\/2021\/03\/img_4645_filtered.jpg?w=1024\" alt=\"\" data-id=\"106\" data-link=\"https:\/\/exforddemo.wordpress.com\/home\/ancient-architectural-design-architecture-2166553\/\" class=\"wp-image-106\" srcset=\"https:\/\/maremarbenidorm.com\/wp-content\/uploads\/2021\/03\/img_4645_filtered.jpg 2048w, https:\/\/maremarbenidorm.com\/wp-content\/uploads\/2021\/03\/img_4645_filtered-300x200.jpg 300w, https:\/\/maremarbenidorm.com\/wp-content\/uploads\/2021\/03\/img_4645_filtered-1024x682.jpg 1024w, https:\/\/maremarbenidorm.com\/wp-content\/uploads\/2021\/03\/img_4645_filtered-768x512.jpg 768w, https:\/\/maremarbenidorm.com\/wp-content\/uploads\/2021\/03\/img_4645_filtered-1536x1023.jpg 1536w, https:\/\/maremarbenidorm.com\/wp-content\/uploads\/2021\/03\/img_4645_filtered-1568x1044.jpg 1568w\" sizes=\"(max-width: 2048px) 100vw, 2048px\" \/><\/figure><\/li><li class=\"blocks-gallery-item\"><figure><img decoding=\"async\" loading=\"lazy\" width=\"550\" height=\"400\" src=\"http:\/\/maremarbenidorm.com\/wp-content\/uploads\/2021\/03\/filosofia-bou-ferr.jpg?w=550\" alt=\"\" data-id=\"113\" data-link=\"https:\/\/exforddemo.wordpress.com\/home\/pietro-de-grandi-t7k4aepoggk-unsplash\/\" class=\"wp-image-113\" srcset=\"https:\/\/maremarbenidorm.com\/wp-content\/uploads\/2021\/03\/filosofia-bou-ferr.jpg 550w, https:\/\/maremarbenidorm.com\/wp-content\/uploads\/2021\/03\/filosofia-bou-ferr-300x218.jpg 300w\" sizes=\"(max-width: 550px) 100vw, 550px\" \/><\/figure><\/li><li class=\"blocks-gallery-item\"><figure><img decoding=\"async\" loading=\"lazy\" width=\"1800\" height=\"1198\" src=\"http:\/\/maremarbenidorm.com\/wp-content\/uploads\/2021\/03\/2040-gastronomia-paella_marisco-0189.jpg?w=1024\" alt=\"\" data-id=\"112\" data-link=\"https:\/\/exforddemo.wordpress.com\/home\/bali-coconut-trees-palm-trees-2100805\/\" class=\"wp-image-112\" srcset=\"https:\/\/maremarbenidorm.com\/wp-content\/uploads\/2021\/03\/2040-gastronomia-paella_marisco-0189.jpg 1800w, https:\/\/maremarbenidorm.com\/wp-content\/uploads\/2021\/03\/2040-gastronomia-paella_marisco-0189-300x200.jpg 300w, https:\/\/maremarbenidorm.com\/wp-content\/uploads\/2021\/03\/2040-gastronomia-paella_marisco-0189-1024x682.jpg 1024w, https:\/\/maremarbenidorm.com\/wp-content\/uploads\/2021\/03\/2040-gastronomia-paella_marisco-0189-768x511.jpg 768w, https:\/\/maremarbenidorm.com\/wp-content\/uploads\/2021\/03\/2040-gastronomia-paella_marisco-0189-1536x1022.jpg 1536w, https:\/\/maremarbenidorm.com\/wp-content\/uploads\/2021\/03\/2040-gastronomia-paella_marisco-0189-1568x1044.jpg 1568w\" sizes=\"(max-width: 1800px) 100vw, 1800px\" \/><\/figure><\/li><li class=\"blocks-gallery-item\"><figure><img decoding=\"async\" loading=\"lazy\" width=\"1128\" height=\"700\" src=\"http:\/\/maremarbenidorm.com\/wp-content\/uploads\/2021\/03\/fiestas-mayores-patronales-benidorm.jpg?w=1024\" alt=\"\" data-id=\"115\" data-link=\"https:\/\/exforddemo.wordpress.com\/home\/cold-dawn-daylight-376370\/\" class=\"wp-image-115\" srcset=\"https:\/\/maremarbenidorm.com\/wp-content\/uploads\/2021\/03\/fiestas-mayores-patronales-benidorm.jpg 1128w, https:\/\/maremarbenidorm.com\/wp-content\/uploads\/2021\/03\/fiestas-mayores-patronales-benidorm-300x186.jpg 300w, https:\/\/maremarbenidorm.com\/wp-content\/uploads\/2021\/03\/fiestas-mayores-patronales-benidorm-1024x635.jpg 1024w, https:\/\/maremarbenidorm.com\/wp-content\/uploads\/2021\/03\/fiestas-mayores-patronales-benidorm-768x477.jpg 768w\" sizes=\"(max-width: 1128px) 100vw, 1128px\" \/><\/figure><\/li><\/ul><\/figure>\n<\/div>\n<\/div>\n<\/div><\/div>\n\n\n\n<div class=\"wp-block-media-text alignfull is-vertically-aligned-center is-stacked-on-mobile has-foreground-background-color has-background\"><figure class=\"wp-block-media-text__media\"><img decoding=\"async\" loading=\"lazy\" width=\"1024\" height=\"485\" src=\"http:\/\/maremarbenidorm.com\/wp-content\/uploads\/2020\/10\/20200511_190053-1024x485.jpg\" alt=\"\" class=\"wp-image-39 size-full\" srcset=\"https:\/\/maremarbenidorm.com\/wp-content\/uploads\/2020\/10\/20200511_190053-1024x485.jpg 1024w, https:\/\/maremarbenidorm.com\/wp-content\/uploads\/2020\/10\/20200511_190053-300x142.jpg 300w, https:\/\/maremarbenidorm.com\/wp-content\/uploads\/2020\/10\/20200511_190053-768x363.jpg 768w, https:\/\/maremarbenidorm.com\/wp-content\/uploads\/2020\/10\/20200511_190053-1536x727.jpg 1536w, https:\/\/maremarbenidorm.com\/wp-content\/uploads\/2020\/10\/20200511_190053-2048x969.jpg 2048w, https:\/\/maremarbenidorm.com\/wp-content\/uploads\/2020\/10\/20200511_190053-1568x742.jpg 1568w\" sizes=\"(max-width: 1024px) 100vw, 1024px\" \/><\/figure><div class=\"wp-block-media-text__content\">\n<h1 class=\"wp-block-heading\"><\/h1>\n\n\n\n<blockquote class=\"wp-block-quote is-style-large\"><p>Bla blabla blabla blah hahahajhhdghyeg hehegbebhebhdg. hjehjkhjekhu hejhj mkana hekhk n ne hjhje hkho e hjkhiuuu <\/p><cite>William und Megan James<\/cite><\/blockquote>\n<\/div><\/div>\n\n\n\n<div style=\"height:100px\" aria-hidden=\"true\" class=\"wp-block-spacer\"><\/div>\n\n\n\n<div class=\"wp-block-cover alignwide has-background-dim\"><img decoding=\"async\" class=\"wp-block-cover__image-background wp-image-122\" alt=\"\" src=\"https:\/\/maremarbenidorm.files.wordpress.com\/2021\/03\/20160220_155521.jpg\" data-object-fit=\"cover\"\/><div class=\"wp-block-cover__inner-container is-layout-flow wp-block-cover-is-layout-flow\">\n<p class=\"has-text-align-center\"><\/p>\n\n\n\n<h1 class=\"has-text-align-center wp-block-heading\">Exklusives Angebot<\/h1>\n\n\n\n<h2 class=\"has-text-align-center wp-block-heading\">Erhalten Sie 10% Rabatt auf Ihren ersten Aufenthalt bei uns<\/h2>\n\n\n\n<p class=\"has-text-align-center\"><strong><a class=\"maxbutton-1 maxbutton maxbutton-reserva-ahora\" target=\"_blank\" rel=\"noopener\" href=\"\/index.php\/reserva\/\"><span class='mb-text'>Reserva ahora<\/span><\/a><\/strong><\/p>\n\n\n\n<div class=\"wp-block-buttons is-layout-flex wp-block-buttons-is-layout-flex\">\n<div class=\"wp-block-button\"><a class=\"wp-block-button__link\"><\/a><\/div>\n<\/div>\n\n\n\n<p><\/p>\n<\/div><\/div>\n\n\n\n<p><\/p>\n","protected":false},"excerpt":{"rendered":"<p>Erkunden Sie Ihr Strandhaus Voll ausgestattete K\u00fcche, Wohnzimmer mit Schlafsofa und 43&#8243;-TV, Doppelzimmer, Klimaanlage und ein voll ausgestattetes Badezimmer mit Dusche oder Badewanne. Der gleiche Komfort wie in Ihrem Haus mit dem Charme eines typischen Benidorm-Hauses La Marina Baixa: eine Umgebung zum Erkunden Wer hat noch nichts von Benidorm geh\u00f6rt? Lassen Sie sich von uns <a class=\"read-more\" href=\"https:\/\/maremarbenidorm.com\/index.php\/de\/\">READ MORE<\/a><\/p>\n","protected":false},"author":1,"featured_media":0,"parent":0,"menu_order":0,"comment_status":"closed","ping_status":"closed","template":"","meta":{"footnotes":""},"_links":{"self":[{"href":"https:\/\/maremarbenidorm.com\/index.php\/wp-json\/wp\/v2\/pages\/315"}],"collection":[{"href":"https:\/\/maremarbenidorm.com\/index.php\/wp-json\/wp\/v2\/pages"}],"about":[{"href":"https:\/\/maremarbenidorm.com\/index.php\/wp-json\/wp\/v2\/types\/page"}],"author":[{"embeddable":true,"href":"https:\/\/maremarbenidorm.com\/index.php\/wp-json\/wp\/v2\/users\/1"}],"replies":[{"embeddable":true,"href":"https:\/\/maremarbenidorm.com\/index.php\/wp-json\/wp\/v2\/comments?post=315"}],"version-history":[{"count":3,"href":"https:\/\/maremarbenidorm.com\/index.php\/wp-json\/wp\/v2\/pages\/315\/revisions"}],"predecessor-version":[{"id":674,"href":"https:\/\/maremarbenidorm.com\/index.php\/wp-json\/wp\/v2\/pages\/315\/revisions\/674"}],"wp:attachment":[{"href":"https:\/\/maremarbenidorm.com\/index.php\/wp-json\/wp\/v2\/media?parent=315"}],"curies":[{"name":"wp","href":"https:\/\/api.w.org\/{rel}","templated":true}]}}