{"id":153,"date":"2021-03-10T19:46:03","date_gmt":"2021-03-10T19:46:03","guid":{"rendered":"https:\/\/maremarbenidorm.wordpress.com\/?page_id=153"},"modified":"2021-04-13T18:24:54","modified_gmt":"2021-04-13T18:24:54","slug":"normas-de-regimen-interno","status":"publish","type":"page","link":"https:\/\/maremarbenidorm.com\/index.php\/normas-de-regimen-interno\/","title":{"rendered":"Normas de r\u00e9gimen interno"},"content":{"rendered":"\n<p>NORMAS DE R\u00c9GIMEN INTERNO \u00abMaremar Suites\u00bb, situados en la calle Asunci\u00f3n 5, Benidorm:<\/p>\n\n\n\n<ol><li>Estos apartamentos est\u00e1n destinado \u00fanicamente a alojamiento, por lo que est\u00e1 prohibido realizar u organizar fiestas en ellos. Cualquier actividad que disturbe la convivencia normal de la comunidad en la que se ubica el alojamiento, tal como m\u00fasica elevada, ruidos o fiestas, y que provoque las quejas fundadas de los vecinos, ser\u00e1n motivo para que se desocupe inmediatamente el alojamiento. Las HORAS DE DESCANSO son de 22,00 a 10,00 entre semana y de 00.00 a 10,00 los festivos, quedando terminantemente prohibidas, durante esos periodos, cualquier tipo de actividad que perturbe en cualquier manera el descanso.&nbsp;<\/li><li>No se pueden alojar en el apartamento m\u00e1s personas de las especificadas en su normativa (4 personas). El cliente es responsable de hacer la declaraci\u00f3n correcta del n\u00famero de personas que ha de ocupar el apartamento, sin omitir los ni\u00f1os. La administraci\u00f3n de los apartamentos puede legalmente negarse a admitir la entrada de aquellas personas no declaradas.<\/li><li>Los inquilinos se comprometen a mantener una conducta adecuada para convivir en buenas relaciones con los vecinos, a no hacer ruido dentro o en el patio de luces del edificio que pudiera molestar a los vecinos, as\u00ed como a usar las partes comunitarias con mucho cuidado, especialmente en t\u00e9rmino de ruido y de conservaci\u00f3n de instalaciones.&nbsp;<\/li><li>No se permiten mascotas o animales.<\/li><li>Los espacios en los que est\u00e1 permitido fumar son los exteriores (balcones).<\/li><li>Haga un buen uso de las instalaciones, equipamientos y utensilios del piso y de la comunidad; si hay roturas o desperfectos se cargar\u00e1n los gastos a la cantidad entregada como fianza. El cliente se obliga a cuidar el apartamento amueblado, siendo de su cargo los deterioros o p\u00e9rdidas que se produzcan en el mismo. Maremar Suites no se hace responsable de los efectos personales del cliente ni de los acompa\u00f1antes.&nbsp;<\/li><li>Cuando vaya a dejar el piso, tiene que dejar limpia y recogida la cocina y los utensilios que haya empleado, y tirada la basura.&nbsp;<\/li><li>Cuide los juegos de llave que le hemos entregado.&nbsp;Las llaves no se pueden duplicar y se realizar\u00e1 un cargo en concepto de reposici\u00f3n en el caso de p\u00e9rdida o rotura.<\/li><li>Si hace uso de la conexi\u00f3n wifi, debe saber que las acciones realizadas durante su permanencia en el piso son de su exclusiva responsabilidad.<\/li><li>Precio: En el precio de los apartamentos est\u00e1n incluidos estos servicios complementarios: <ol><li>Informaci\u00f3n y documentaci\u00f3n tur\u00edstica de la zona<\/li><li>Ropa de cama y toallas. Se proporciona un juego a la entrada que se cambiar\u00e1 en espacias con una duraci\u00f3n mayos a 7 noches. <\/li><li>Cocina completamente equipada con vitrocer\u00e1mica, lavavajillas, campana extractora, cubiertos, platos, vasos, sartenes, cacerolas, nevera, cafetera, microondas con grill, congelador y otros &nbsp;utensilios de cocina. <\/li><li>Sala-Comedor con Smart TV de pantalla plana de 43\u201d <\/li><li>Conjunto de limpieza: trapo de cocina, estropajo, bayeta, rollo de papel, servilletas. <\/li><li>Dosificadores con jab\u00f3n y gel en ba\u00f1os, papel higi\u00e9nico, secador de pelo.&nbsp;<\/li><li>Tabla de planchar y plancha. <\/li><li>Utensilios de limpieza: fregona, recogedor y escoba. <\/li><li>Lavadora con detergente y suavizante incluido. <\/li><li>Tendedero.<\/li><li>Aire acondicionado y calefacci\u00f3n<\/li><li>Agua caliente por caldera de aerotermia. &nbsp; &nbsp; <\/li><\/ol><\/li><li> Entradas y Salidas: El horario de entrada en los apartamentos ser\u00e1 a partir de las 16.00 h. del d\u00eda de llegada, debiendo quedar libres las habitaciones antes de las 12.00 h. del d\u00eda de salida.&nbsp;&nbsp; &nbsp; &nbsp; <\/li><li>Desocupaci\u00f3n de los apartamentos: El incumplimiento por los clientes de alguna de las prohibiciones establecidas en este reglamento facultar\u00e1 a la Empresa para rescindir el contrato. El titular del establecimiento podr\u00e1 recabar el auxilio de los agentes de la autoridad para desalojar de los mismos a los usuarios que incumplan el reglamento de r\u00e9gimen interior o que pretendan acceder o permanecer en los mismos con una finalidad diferente al normal uso del servicio, de conformidad con lo establecido en el articulo 32.2 de la Ley de turismo.&nbsp;&nbsp; &nbsp; &nbsp; <\/li><li>Prohibiciones: Queda prohibido a los clientes:&nbsp;<ol><li>Introducir muebles en el alojamiento o realizar obras o reparaciones en el mismo, por peque\u00f1as que \u00e9stas sean, sin autorizaci\u00f3n escrita de la Empresa.<\/li><li>Alojar mayor n\u00famero de personas que las que correspondan a la capacidad m\u00e1xima fijada al alojamiento.<\/li><li>Ejercer la actividad de hospedaje en el alojamiento o destinarlo a fines distintos a aquellos para los que se ha contratado.<\/li><li>Introducir materias o sustancias explosivas o inflamables u otras que puedan causar da\u00f1os o molestias a los dem\u00e1s ocupantes del inmueble.<\/li><li>Realizar cualquier actividad que atente contra las normas usuales de convivencia o el r\u00e9gimen normal de funcionamiento.<\/li><li>Est\u00e1 prohibido utilizar, sin autorizaci\u00f3n, aparatos que alteren sensiblemente los consumos previstos en los suministros.&nbsp;<\/li><li>Est\u00e1 prohibido organizar fiestas.<\/li><li>No se permiten mascotas o animales dom\u00e9sticos.&nbsp;<\/li><li>Desde la entrada de la nueva ley, est\u00e1 prohibido fumar en los apartamentos.<\/li><\/ol><\/li><li>&nbsp;&nbsp;Obligaciones de los usuarios de Apartamentos Tur\u00edsticos:<ol><li>Observar las normas de seguridad, convivencia e higiene y cumplir las normas contempladas en el reglamento de r\u00e9gimen interior.<\/li><li>Respetar el establecimiento, el equipamiento y sus instalaciones.<\/li><li>En relaci\u00f3n al pago del precio, este deber\u00e1 realizarse por el cliente en el momento de la ocupaci\u00f3n de los apartamentos.&nbsp;&nbsp; &nbsp; &nbsp; &nbsp;<\/li><li>Limpieza del apartamento: El apartamento ser\u00e1 entregado limpio y ordenado. El cliente se compromete a respetar el orden y limpieza del apartamento y a entregarlo en las mismas condiciones que le fue entregado.&nbsp;&nbsp;<\/li><\/ol><\/li><li>Plazo de reserva y devoluciones<ol><li>Los plazos de reserva y devoluciones son aquellos estipulados en las plataformas de reserva correspondientes. <\/li><li>Si la reserva se ha realizado a trav\u00e9s de la p\u00e1gina web o por tel\u00e9fono, se aplicaran las condiciones especificadas en el email de confirmaci\u00f3n de la reserva. <\/li><\/ol><\/li><\/ol>\n\n\n\n<p>TEL\u00c9FONO DE CONTACTO<\/p>\n\n\n\n<p>Mar\u00eda Lloret <\/p>\n\n\n\n<p>+34 644976613<\/p>\n","protected":false},"excerpt":{"rendered":"<p>NORMAS DE R\u00c9GIMEN INTERNO \u00abMaremar Suites\u00bb, situados en la calle Asunci\u00f3n 5, Benidorm: Estos apartamentos est\u00e1n destinado \u00fanicamente a alojamiento, por lo que est\u00e1 prohibido realizar u organizar fiestas en ellos. Cualquier actividad que disturbe la convivencia normal de la comunidad en la que se ubica el alojamiento, tal como m\u00fasica elevada, ruidos o fiestas, <a class=\"read-more\" href=\"https:\/\/maremarbenidorm.com\/index.php\/normas-de-regimen-interno\/\">READ MORE<\/a><\/p>\n","protected":false},"author":1,"featured_media":0,"parent":0,"menu_order":0,"comment_status":"closed","ping_status":"closed","template":"template-full-width.php","meta":{"footnotes":""},"_links":{"self":[{"href":"https:\/\/maremarbenidorm.com\/index.php\/wp-json\/wp\/v2\/pages\/153"}],"collection":[{"href":"https:\/\/maremarbenidorm.com\/index.php\/wp-json\/wp\/v2\/pages"}],"about":[{"href":"https:\/\/maremarbenidorm.com\/index.php\/wp-json\/wp\/v2\/types\/page"}],"author":[{"embeddable":true,"href":"https:\/\/maremarbenidorm.com\/index.php\/wp-json\/wp\/v2\/users\/1"}],"replies":[{"embeddable":true,"href":"https:\/\/maremarbenidorm.com\/index.php\/wp-json\/wp\/v2\/comments?post=153"}],"version-history":[{"count":4,"href":"https:\/\/maremarbenidorm.com\/index.php\/wp-json\/wp\/v2\/pages\/153\/revisions"}],"predecessor-version":[{"id":613,"href":"https:\/\/maremarbenidorm.com\/index.php\/wp-json\/wp\/v2\/pages\/153\/revisions\/613"}],"wp:attachment":[{"href":"https:\/\/maremarbenidorm.com\/index.php\/wp-json\/wp\/v2\/media?parent=153"}],"curies":[{"name":"wp","href":"https:\/\/api.w.org\/{rel}","templated":true}]}}